{"id":4204,"date":"2014-02-22T20:43:26","date_gmt":"2014-02-22T20:43:26","guid":{"rendered":"http:\/\/helloholidays.ro\/blog\/?page_id=6"},"modified":"2019-11-01T22:11:02","modified_gmt":"2019-11-01T19:11:02","slug":"contact","status":"publish","type":"page","link":"https:\/\/www.helloholidays.ro\/blog\/contact\/","title":{"rendered":"Contact"},"content":{"rendered":"<p><span style=\"color: #000000;\"><strong>Hello Holidays &#8211; Agentia din Piata Romana, Nr. 9 &#8211; Bucure\u015fti<\/strong><\/span><\/p>\n<p class=\"tel\"><span style=\"color: #000000;\"><a style=\"color: #000000;\" href=\"tel:0311310000\"><i class=\"fa fa-phone\" aria-hidden=\"true\"><\/i>031 131 00 00<\/a>\u00a0&#8211; Call Center<\/span><br \/><span style=\"color: #000000;\"><a style=\"color: #000000;\" href=\"mailto:solicitari@helloholidays.ro\"><i class=\"fa fa-envelope\" aria-hidden=\"true\"><\/i>solicitari@helloholidays.ro<\/a> &#8211; Email<br \/><\/span><br \/><span style=\"color: #000000;\"><strong>PROGRAM VAR\u0102<\/strong><\/span><br \/><span style=\"color: #000000;\">(02 MAI &#8211; 30 SEPTEMBRIE)<\/span><br \/><span style=\"color: #000000;\"><strong>LUNI &#8211; VINERI:\u00a0<\/strong>9 -19<\/span><br \/><span style=\"color: #000000;\"><strong>S\u00c2MB\u0102T\u0102:<\/strong>\u00a010 &#8211; 14<\/span><\/p>\n<p><span style=\"color: #000000;\"><strong>PROGRAM IARN\u0102<\/strong><\/span><br \/><span style=\"color: #000000;\">(01 OCTOMBRIE &#8211; 30 APRILIE)<\/span><br \/><span style=\"color: #000000;\"><strong>LUNI &#8211; VINERI:\u00a0<\/strong>9 &#8211; 18<\/span><\/p>\n<p><br \/><span style=\"color: #000000;\"><strong>Hello Holidays Back-office &#8211; Agentia din Barbu V\u0103c\u0103rescu, Nr. 111 &#8211; Bucure\u015fti<\/strong><\/span><br \/><span style=\"color: #000000;\">(valabil doar pentru relatia cu agentiile partenere)<br \/><a style=\"color: #000000;\" href=\"tel:0311310002\"><i class=\"fa fa-phone\" aria-hidden=\"true\"><\/i>031 131 00 02<\/a>\u00a0&#8211; Call Center<\/span><br \/><span style=\"color: #000000;\"><a style=\"color: #000000;\" href=\"mailto:rezervari@helloholidays.ro\"><i class=\"fa fa-envelope\" aria-hidden=\"true\"><\/i>rezervari@helloholidays.ro<\/a>\u00a0&#8211; Email<\/span><\/p>\n<p><strong><span style=\"color: #000000;\">PROGRAM VAR\u0102<\/span><\/strong><br \/><span style=\"color: #000000;\">(02 MAI &#8211; 30 SEPTEMBRIE)<br \/><\/span><strong><span style=\"color: #000000;\">LUNI &#8211; VINERI: 9 -19<br \/><\/span><span style=\"color: #000000;\">S\u00c2MB\u0102T\u0102: 10 &#8211; 14<\/span><\/strong><\/p>\n<p><strong><span style=\"color: #000000;\">PROGRAM IARN\u0102<\/span><\/strong><br \/><span style=\"color: #000000;\">(01 OCTOMBRIE &#8211; 30 APRILIE)<br \/><\/span><strong><span style=\"color: #000000;\">LUNI &#8211; VINERI: 9 &#8211; 18<\/span><\/strong><\/p>\n\n\n<p><\/p>\n","protected":false},"excerpt":{"rendered":"<p>\t\t\t\t<![CDATA[]]>\t\t<\/p>\n","protected":false},"author":1,"featured_media":0,"parent":0,"menu_order":0,"comment_status":"open","ping_status":"open","template":"","meta":[],"yoast_head":"<!-- This site is optimized with the Yoast SEO plugin v16.7 - https:\/\/yoast.com\/wordpress\/plugins\/seo\/ -->\n<title>Contact - Hello Holidays Blog<\/title>\n<meta name=\"robots\" content=\"index, follow, max-snippet:-1, max-image-preview:large, max-video-preview:-1\" \/>\n<link rel=\"canonical\" href=\"https:\/\/www.helloholidays.ro\/blog\/contact\/\" \/>\n<meta property=\"og:locale\" content=\"ro_RO\" \/>\n<meta property=\"og:type\" content=\"article\" \/>\n<meta property=\"og:title\" content=\"Contact - Hello Holidays Blog\" \/>\n<meta property=\"og:url\" content=\"https:\/\/www.helloholidays.ro\/blog\/contact\/\" \/>\n<meta property=\"og:site_name\" content=\"Hello Holidays Blog\" \/>\n<meta property=\"article:modified_time\" content=\"2019-11-01T19:11:02+00:00\" \/>\n<meta name=\"twitter:card\" content=\"summary_large_image\" \/>\n<script type=\"application\/ld+json\" class=\"yoast-schema-graph\">{\"@context\":\"https:\/\/schema.org\",\"@graph\":[{\"@type\":\"WebSite\",\"@id\":\"https:\/\/www.helloholidays.ro\/blog\/#website\",\"url\":\"https:\/\/www.helloholidays.ro\/blog\/\",\"name\":\"Hello Holidays Blog\",\"description\":\"Blog de calatorii\",\"potentialAction\":[{\"@type\":\"SearchAction\",\"target\":{\"@type\":\"EntryPoint\",\"urlTemplate\":\"https:\/\/www.helloholidays.ro\/blog\/?s={search_term_string}\"},\"query-input\":\"required name=search_term_string\"}],\"inLanguage\":\"ro-RO\"},{\"@type\":\"WebPage\",\"@id\":\"https:\/\/www.helloholidays.ro\/blog\/contact\/#webpage\",\"url\":\"https:\/\/www.helloholidays.ro\/blog\/contact\/\",\"name\":\"Contact - Hello Holidays Blog\",\"isPartOf\":{\"@id\":\"https:\/\/www.helloholidays.ro\/blog\/#website\"},\"datePublished\":\"2014-02-22T20:43:26+00:00\",\"dateModified\":\"2019-11-01T19:11:02+00:00\",\"breadcrumb\":{\"@id\":\"https:\/\/www.helloholidays.ro\/blog\/contact\/#breadcrumb\"},\"inLanguage\":\"ro-RO\",\"potentialAction\":[{\"@type\":\"ReadAction\",\"target\":[\"https:\/\/www.helloholidays.ro\/blog\/contact\/\"]}]},{\"@type\":\"BreadcrumbList\",\"@id\":\"https:\/\/www.helloholidays.ro\/blog\/contact\/#breadcrumb\",\"itemListElement\":[{\"@type\":\"ListItem\",\"position\":1,\"name\":\"Prima pagin\\u0103\",\"item\":\"https:\/\/www.helloholidays.ro\/blog\/\"},{\"@type\":\"ListItem\",\"position\":2,\"name\":\"Contact\"}]}]}<\/script>\n<!-- \/ Yoast SEO plugin. -->","yoast_head_json":{"title":"Contact - Hello Holidays Blog","robots":{"index":"index","follow":"follow","max-snippet":"max-snippet:-1","max-image-preview":"max-image-preview:large","max-video-preview":"max-video-preview:-1"},"canonical":"https:\/\/www.helloholidays.ro\/blog\/contact\/","og_locale":"ro_RO","og_type":"article","og_title":"Contact - Hello Holidays Blog","og_url":"https:\/\/www.helloholidays.ro\/blog\/contact\/","og_site_name":"Hello Holidays Blog","article_modified_time":"2019-11-01T19:11:02+00:00","twitter_card":"summary_large_image","schema":{"@context":"https:\/\/schema.org","@graph":[{"@type":"WebSite","@id":"https:\/\/www.helloholidays.ro\/blog\/#website","url":"https:\/\/www.helloholidays.ro\/blog\/","name":"Hello Holidays Blog","description":"Blog de calatorii","potentialAction":[{"@type":"SearchAction","target":{"@type":"EntryPoint","urlTemplate":"https:\/\/www.helloholidays.ro\/blog\/?s={search_term_string}"},"query-input":"required name=search_term_string"}],"inLanguage":"ro-RO"},{"@type":"WebPage","@id":"https:\/\/www.helloholidays.ro\/blog\/contact\/#webpage","url":"https:\/\/www.helloholidays.ro\/blog\/contact\/","name":"Contact - Hello Holidays Blog","isPartOf":{"@id":"https:\/\/www.helloholidays.ro\/blog\/#website"},"datePublished":"2014-02-22T20:43:26+00:00","dateModified":"2019-11-01T19:11:02+00:00","breadcrumb":{"@id":"https:\/\/www.helloholidays.ro\/blog\/contact\/#breadcrumb"},"inLanguage":"ro-RO","potentialAction":[{"@type":"ReadAction","target":["https:\/\/www.helloholidays.ro\/blog\/contact\/"]}]},{"@type":"BreadcrumbList","@id":"https:\/\/www.helloholidays.ro\/blog\/contact\/#breadcrumb","itemListElement":[{"@type":"ListItem","position":1,"name":"Prima pagin\u0103","item":"https:\/\/www.helloholidays.ro\/blog\/"},{"@type":"ListItem","position":2,"name":"Contact"}]}]}},"_links":{"self":[{"href":"https:\/\/www.helloholidays.ro\/blog\/wp-json\/wp\/v2\/pages\/4204"}],"collection":[{"href":"https:\/\/www.helloholidays.ro\/blog\/wp-json\/wp\/v2\/pages"}],"about":[{"href":"https:\/\/www.helloholidays.ro\/blog\/wp-json\/wp\/v2\/types\/page"}],"author":[{"embeddable":true,"href":"https:\/\/www.helloholidays.ro\/blog\/wp-json\/wp\/v2\/users\/1"}],"replies":[{"embeddable":true,"href":"https:\/\/www.helloholidays.ro\/blog\/wp-json\/wp\/v2\/comments?post=4204"}],"version-history":[{"count":4,"href":"https:\/\/www.helloholidays.ro\/blog\/wp-json\/wp\/v2\/pages\/4204\/revisions"}],"predecessor-version":[{"id":5364,"href":"https:\/\/www.helloholidays.ro\/blog\/wp-json\/wp\/v2\/pages\/4204\/revisions\/5364"}],"wp:attachment":[{"href":"https:\/\/www.helloholidays.ro\/blog\/wp-json\/wp\/v2\/media?parent=4204"}],"curies":[{"name":"wp","href":"https:\/\/api.w.org\/{rel}","templated":true}]}}